of 28476?
7
What is the ten thousands digit of 32724?
3
What is the ten thousands digit of 58747?
5
What is the ten thousands digit of 138724?
3
What is the units digit of 5411?
1
What is the hundreds digit of 980?
9
What is the hundreds digit of 1004?
0
What is the hundreds digit of 2746?
7
What is the hundreds digit of 13090?
0
What is the hundreds digit of 4878?
8
What is the units digit of 9133?
3
What is the hundreds digit of 2709?
7
What is the tens digit of 578?
7
What is the units digit of 41582?
2
What is the ten thousands digit of 139888?
3
What is the hundreds digit of 1747?
7
What is the tens digit of 3184?
8
What is the thousands digit of 12974?
2
What is the thousands digit of 16859?
6
What is the units digit of 619?
9
What is the thousands digit of 3358?
3
What is the units digit of 78801?
1
What is the ten thousands digit of 10873?
1
What is the hundreds digit of 1789?
7
What is the hundreds digit of 104?
1
What is the thousands digit of 1284?
1
What is the tens digit of 1761?
6
What is the tens digit of 1984?
8
What is the hundreds digit of 972?
9
What is the thousands digit of 1689?
1
What is the thousands digit of 1586?
1
What is the thousands digit of 3071?
3
What is the tens digit of 89?
8
What is the tens digit of 9405?
0
What is the ten thousands digit of 53310?
5
What is the hundreds digit of 1322?
3
What is the hundreds digit of 22215?
2
What is the thousands digit of 124305?
4
What is the units digit of 5875?
5
What is the ten thousands digit of 155271?
5
What is the tens digit of 6013?
1
What is the tens digit of 11305?
0
What is the tens digit of 2053?
5
What is the tens digit of 809?
0
What is the tens digit of 2137?
3
What is the units digit of 6081?
1
What is the tens digit of 8719?
1
What is the hundreds digit of 2177?
1
What is the units digit of 756?
6
What is the tens digit of 1032?
3
What is the thousands digit of 3277?
3
What is the tens digit of 19980?
8
What is the thousands digit of 33439?
3
What is the hundreds digit of 56111?
1
What is the ten thousands digit of 17534?
1
What is the units digit of 18214?
4
What is the units digit of 1216?
6
What is the units digit of 7908?
8
What is the tens digit of 2358?
5
What is the hundreds digit of 1025?
0
What is the hundreds digit of 757?
7
What is the units digit of 2304?
4
What is the thousands digit of 17368?
7
What is the hundreds digit of 420?
4
What is the tens digit of 572?
7
What is the tens digit of 14265?
6
What is the tens digit of 615?
1
What is the tens digit of 12418?
1
What is the tens digit of 8953?
5
What is the tens digit of 32916?
1
What is the tens digit of 9739?
3
What is the units digit of 78822?
2
What is the units digit of 11472?
2
What is the tens digit of 2561?
6
What is the tens digit of 3383?
8
What is the units digit of 2141?
1
What is the units digit of 796?
6
What is the hundreds digit of 10096?
0
What is the units digit of 70434?
4
What is the units digit of 991?
1
What is the ten thousands digit of 18453?
1
What is the thousands digit of 64419?
4
What is the thousands digit of 1188?
1
What is the units digit of 830?
0
What is the thousands digit of 1510?
1
What is the thousands digit of 2211?
2
What is the hundreds digit of 4691?
6
What is the tens digit of 5774?
7
What is the thousands digit of 1880?
1
What is the units digit of 1978?
8
What is the tens digit of 1006?
0
What is the hundreds digit of 10573?
5
What is the tens digit of 1364?
6
What is the ten thousands digit of 82113?
8
What is the tens digit of 1504?
0
What is the units digit of 889?
9
What is the hundreds digit of 26855?
8
What is the tens digit of 2555?
5
What is the hundreds digit of 13169?
1
What is the hundreds digit of 43338?
3
What is the units digit of 1981?
1
What is the units digit of 469?
9
What is the hundreds digit of 28712?
7
What is the units digit of 1613?
3
What is the thousands digit of 45876?
5
What is the thousands digit of 2788?
2
What is the units digit of 695?
5
What is the ten thousands digit of 20807?
2
What is the ten thousands digit of 11812?
1
What is the hundreds digit of 2050?
0
What is the units digit of 512?
2
What is the hundreds digit of 899?
8
What is the thousands digit of 4033?
4
What is the hundreds digit of 5417?
4
What is the hundreds digit of 1165?
1
What is the tens digit of 37082?
8
What is the tens digit of 155?
5
What is the units digit of 9240?
0
What is the hundreds digit of 9693?
6
What is the tens digit of 155480?
8
What is the units digit of 4365?
5
What is the thousands digit of 2735?
2
What is the hundreds digit of 1509?
5
What is the tens digit of 23969?
6
What is the units digit of 8363?
3
What is the tens digit of 33917?
1
What is the units digit of 3724?
4
What is the ten thousands digit of 117947?
1
What is the units digit of 8476?
6
What is the units digit of 425?
5
What is the units digit of 776?
6
What is the units digit of 197?
7
What is the thousands digit of 11987?
1
What is the hundreds digit of 5770?
7
What is the tens digit of 184?
8
What is the tens digit of 606?
0
What is the hundreds digit of 1270?
2
What is the hundreds digit of 509?
5
What is the hundreds digit of 320?
3
What is the hundreds digit of 50862?
8
What is the hundreds digit of 14050?
0
What is the units digit of 3038?
8
What is the units digit of 2851?
1
What is the units digit of 9662?
2
What is the ten thousands digit of 30771?
3
What is the thousands digit of 3649?
3
What is the units digit of 8427?
7
What is the thousands digit of 1771?
1
What is the thousands digit of 12762?
2
What is the ten thousands digit of 14049?
1
What is the units digit of 28692?
2
What is the hundreds digit of 1583?
5
What is the hundreds digit of 45914?
9
What is the hundreds digit of 2350?
3
What is the thousands digit of 137203?
7
What is the hundreds digit of 108635?
6
What is the units digit of 44037?
7
What is the tens digit of 5111?
1
What is the tens digit of 25?
2
What is the tens digit of 1814?
1
What is the tens digit of 25768?
6
What is the hundreds digit of 3669?
6
What is the hundreds digit of 1294?
2
What is the units digit of 47477?
7
What is the thousands digit of 45227?
5
What is the tens digit of 21157?
5
What is the units digit of 639?
9
What is the tens digit of 474?
7
What is the units digit of 285?
5
What is the units digit of 777?
7
What is the units digit of 7599?
9
What is the thousands digit of 3026?
3
What is the units digit of 3268?
8
What is the hundreds digit of 72016?
0
What is the thousands digit of 109990?
9
What is the ten thousands digit of 47043?
4
What is the units digit of 86?
6
What is the thousands digit of 4293?
4
What is the hundreds digit of 27909?
9
What is the thousands digit of 2371?
2
What is the tens digit of 2309?
0
What is the tens digit of 909?
0
What is the tens digit of 989?
8
What is the tens digit of 577?
7
What is the thousands digit of 6285?
6
What is the units digit of 12495?
5
What is the hundreds digit of 1267?
2
What is the thousands digit of 49287?
9
What is the units digit of 18384?
4
What is the hundreds digit of 4823?
8
What is the thousands digit of 22221?
2
What is the tens digit of 2928?
2
What is the thousands digit of 1826?
1
What is the units digit of 80452?
2
What is the thousands digit of 35223?
5
What is the hundreds digit of 274?
2
What is the hundreds digit of 37152?
1
What is the tens digit of 34454?
5
What is the units digit of 28014?
4
What is the hundreds digit of 78631?
6
What is the hundreds digit of 2698?
6
What is the tens digit of 3822?
2
What is the ten thousands digit of 41137?
4
What is the hundreds digit of 4031?
0
What is the thousands digit of 41304?
1
What is the tens digit of 481?
8
What is the hundreds digit of 28347?
3
What is the hundreds digit of 3234?
2
What is the hundreds digit of 989?
9
What is the tens digit of 4455?
5
What is the hundreds digit of 4423?
4
What is the hundreds digit of 177?
1
What is the thousands digit of 18409?
8
What is the hundreds digit of 274?
2
What is the units digit of 735?
5
What is the units digit of 17432?
2
What is the hundreds digit of 18771?
7
What is the ten thousands digit of 29915?
2
What is the units digit of 46564?
4
What is the hundreds digit of 825?
8
What is the units digit of 2781?
1
What is the hundreds 